{"id":66,"date":"2020-02-21T16:14:58","date_gmt":"2020-02-21T16:14:58","guid":{"rendered":"http:\/\/vpct.utad.pt\/?page_id=66"},"modified":"2022-11-08T23:25:29","modified_gmt":"2022-11-08T23:25:29","slug":"oficinas","status":"publish","type":"page","link":"https:\/\/vpct.utad.pt\/?page_id=66","title":{"rendered":"Oficinas"},"content":{"rendered":"\n<h3 class=\"wp-block-heading\" id=\"uma-vez-que-o-vpct-2022-decorrera-em-modo-misto-as-atividades-previstas-para-a-oficina-devem-ser-passiveis-de-decorrer-online-caso-tal-nao-seja-possivel-decorrer-online-deve-ser-indicado\"><strong>Uma vez que o VPCT 2022 decorrer\u00e1 ONLINE, as atividades previstas para a Oficina devem ser pass\u00edveis de decorrer online. Caso tal n\u00e3o seja poss\u00edvel decorrer online deve ser indicado<\/strong>.<\/h3>\n\n\n\n<h2 class=\"wp-block-heading\" id=\"ver-modelo-do-texto-para-propor-oficina\"><a href=\"https:\/\/vpct.utad.pt\/wp-content\/uploads\/2022\/02\/VPCT2022-modelo_Oficina.docx\">Ver Modelo do texto para propor Oficina<\/a><\/h2>\n\n\n\n<h2 class=\"wp-block-heading\" id=\"inscricoes-nas-oficinas\">Inscri\u00e7\u00f5es nas Oficinas<\/h2>\n\n\n\n<ul class=\"wp-block-list\"><li>Quando estiverem dispon\u00edveis  <\/li><\/ul>\n\n\n\n<p><\/p>\n\n\n\n<p><\/p>\n","protected":false},"excerpt":{"rendered":"<p>Uma vez que o VPCT 2022 decorrer\u00e1 ONLINE, as atividades previstas para a Oficina devem ser pass\u00edveis de decorrer online. Caso tal n\u00e3o seja poss\u00edvel decorrer online deve ser indicado. Ver Modelo do texto para propor Oficina Inscri\u00e7\u00f5es nas Oficinas Quando estiverem dispon\u00edveis<\/p>\n","protected":false},"author":1,"featured_media":0,"parent":0,"menu_order":0,"comment_status":"closed","ping_status":"closed","template":"","meta":{"footnotes":""},"class_list":["entry","page","publish","author-admin","post-66"],"_links":{"self":[{"href":"https:\/\/vpct.utad.pt\/index.php?rest_route=\/wp\/v2\/pages\/66","targetHints":{"allow":["GET"]}}],"collection":[{"href":"https:\/\/vpct.utad.pt\/index.php?rest_route=\/wp\/v2\/pages"}],"about":[{"href":"https:\/\/vpct.utad.pt\/index.php?rest_route=\/wp\/v2\/types\/page"}],"author":[{"embeddable":true,"href":"https:\/\/vpct.utad.pt\/index.php?rest_route=\/wp\/v2\/users\/1"}],"replies":[{"embeddable":true,"href":"https:\/\/vpct.utad.pt\/index.php?rest_route=%2Fwp%2Fv2%2Fcomments&post=66"}],"version-history":[{"count":9,"href":"https:\/\/vpct.utad.pt\/index.php?rest_route=\/wp\/v2\/pages\/66\/revisions"}],"predecessor-version":[{"id":740,"href":"https:\/\/vpct.utad.pt\/index.php?rest_route=\/wp\/v2\/pages\/66\/revisions\/740"}],"wp:attachment":[{"href":"https:\/\/vpct.utad.pt\/index.php?rest_route=%2Fwp%2Fv2%2Fmedia&parent=66"}],"curies":[{"name":"wp","href":"https:\/\/api.w.org\/{rel}","templated":true}]}}